6, -2*y = 5*v - 188. What is the highest common divisor of v and 95?
19
Let p(r) = 5*r**3 - 3*r**2 + 2. Let t be p(2). What is the highest common divisor of 150 and t?
30
Let h(y) = -7*y**2 - 8*y + 9. Let l(j) = 4*j**2 + 4*j - 4. Let z(u) = -3*h(u) - 5*l(u). Let x be z(-7). What is the greatest common factor of x and 70?
14
Let h be 12*-3*2/(-6). Let g = -1 + 1. Suppose g*d + 60 = d. Calculate the highest common factor of d and h.
12
Let a = -56 + 106. Calculate the highest common factor of 10 and a.
10
Suppose 0 = 4*f - 4*r - 100, 0 = -2*f - 0*f - 2*r + 54. Suppose -f - 64 = -3*a. Calculate the highest common divisor of 45 and a.
15
Suppose -70 = 20*d - 21*d. Calculate the greatest common factor of d and 28.
14
Let l be 315/10 + (-2)/(-4). Calculate the highest common factor of 8 and l.
8
Let p = -92 + 152. Calculate the greatest common divisor of 12 and p.
12
Let h = 19 + -5. Let o = 17 - h. Calculate the greatest common factor of 27 and o.
3
Let h(k) = 2*k**2 - 3*k - 6. Let x be h(6). Let u = 6 + -4. Suppose -u*p - 10 = -3*g, g = -4*g + 2*p + 22. What is the highest common divisor of g and x?
6
Let y be (12/(-4) + 154)*-1. Let h = 261 + y. What is the greatest common factor of 10 and h?
10
Let p(g) = 11*g + 71. Let q(o) = 5*o + 36. Let b(m) = -6*p(m) + 13*q(m). Let k be b(0). What is the greatest common factor of 6 and k?
6
Let h(x) = x + 5. Let p be h(0). Suppose -2*f + p*f - 25 = -5*i, 5*i - 25 = 5*f. Suppose f = -4*b + 48 + 12. Calculate the highest common factor of 3 and b.
3
Let j(d) = d**3 - 3*d**2 + d - 4. Let c be j(3). Let l = -1 - c. Let k be 2 - (2 - l) - -8. Calculate the highest common divisor of k and 2.
2
Let a(d) = 38*d**2 + 6*d + 2. Let h be a(-2). Let j = h - 86. Calculate the greatest common divisor of 8 and j.
8
Let l(s) = 4*s + 9*s**2 + 3 - 1 - s**3 + 2*s - 2*s. Let i be l(9). Calculate the greatest common divisor of i and 57.
19
Let s(b) = 7*b + 8. Let m be s(8). Calculate the greatest common factor of m and 8.
8
Let r be (-1 + -1)*(1 + -3 - 1). What is the greatest common divisor of r and 54?
6
Let t(x) = -x**2 - 6*x - 2. Let c be t(-5). Suppose -n + 5*n = 48. What is the highest common divisor of c and n?
3
Suppose 6*x = -2*v + 2*x + 6, -6 = -v - x. What is the greatest common divisor of 18 and v?
9
Suppose 2*p - p = -5*z - 17, 4*p + 4*z = -36. Let b(x) = x**2 + 4*x - 7. Let h be b(p). Calculate the highest common divisor of 28 and h.
14
Suppose o = 5*w - 28, 2*w - 3*w + 2*o = -11. What is the greatest common factor of 55 and w?
5
Let j = 35 - 20. Let h(i) = i**3 + 13*i**2 - 10*i - 10. Let v be h(-13). Calculate the greatest common factor of j and v.
15
Let k be (0/(-3))/(-2 - 1). Let g be (-1)/1 + k/1. Let p(w) = -11*w - 1. Let l be p(g). What is the greatest common divisor of l and 30?
10
Let x = -6 + 11. Suppose 0*y - 2*y + 8 = 0, -4*k - 8 = -x*y. Let j = 20 + 13. What is the greatest common divisor of j and k?
3
Let v = 19 - 11. Let n(l) = 10*l - 12. Let i be n(10). What is the highest common factor of i and v?
8
Let r(d) = -3*d + 6. Let s(u) = -u**3 - 4*u**2 - 5*u - 6. Let k be s(-3). Let q be r(k). What is the highest common divisor of 48 and q?
6
Suppose 2*g = 5*f - 522, 3*g - 297 = -4*f + 116. Suppose 2*k + f = 6*k. Suppose k = w - 1. Calculate the highest common divisor of 3 and w.
3
Suppose 22 = 5*o - 38. Let a be (-1)/((20/o)/(-5)). What is the highest common divisor of 24 and a?
3
Let y be (4 - -11) + 2 + -2. What is the highest common factor of y and 165?
15
Suppose 4*g = -3*x - 29 + 256, 2*g - 397 = -5*x. What is the greatest common factor of 27 and x?
27
Let f(z) = 10*z**2 + 9*z + 7. Let g be f(7). Suppose 4*r = -5*u + g, r - 3*u + u - 127 = 0. What is the highest common divisor of r and 15?
15
Suppose -3*f + 16 = f. Suppose 26 = 2*p - 4*l, f*p = 3*p + 3*l + 17. Suppose 4 = -p*i + 274. What is the greatest common divisor of i and 6?
6
Let j(d) = -d - 2. Suppose -5*h + 6*n - n - 5 = 0, 8 = -4*n. Let f be j(h). Let a be (f + 2/(-1))*-6. What is the greatest common divisor of 66 and a?
6
Let b be 5 + (-4)/(-6)*-3. Let h = 24 - -401. Suppose 3*t = -4*q - 2*t + 401, b*t = 4*q - h. Calculate the highest common divisor of q and 13.
13
Suppose 100 = 6*r - r. Let j(q) = 6*q - 13. Let k be j(3). What is the highest common factor of k and r?
5
Suppose h = 3*i + 21, -2*h - 2*h - 3*i = -159. Let x be 0/2 + 0 + 9. Calculate the greatest common factor of x and h.
9
Let i be (2 + -1)/((-2)/(-57 + -1)). What is the highest common factor of 58 and i?
29
Let n(j) = -j**3 + 6*j**2 - 6*j + 4. Let u be n(4). Let r(k) = 14*k + 172. Let i be r(-11). Calculate the highest common factor of u and i.
6
Suppose -k - 5*n = -0*k - 24, 71 = 4*k - 5*n. Suppose -2*l = 8, 2*v - 30 - 24 = 4*l. What is the greatest common divisor of v and k?
19
Let l(a) = 15 - 3*a + 2*a + 4*a**2 - 3*a**2. Let q be l(0). What is the highest common factor of q and 90?
15
Suppose t = -5, 28 = -4*h - 2*t - 2*t. Let c = -14 - -10. Let q be 45/h*c/3. Calculate the greatest common divisor of q and 6.
6
Let f = 4 + -3. Let v = -3 - f. Let l = 6 + v. Calculate the highest common divisor of l and 5.
1
Suppose z - 15 = -4*z. Suppose z*x - 2*m = m, 5*x + 5*m - 10 = 0. Calculate the highest common factor of 4 and x.
1
Let c = -9 - -25. Suppose 3*f - f = 4. What is the greatest common divisor of f and c?
2
Let j be (0 - -2)/((-2)/(-3)). Let w(u) = u**3 - 5*u**2 - 4*u - 5. Let v be w(6). Let h = -6 + v. Calculate the greatest common divisor of j and h.
1
Let d(t) = t + 3. Let i be (-8 - -1)/(2 - 3). Let x be d(i). Suppose -2*s + 4*j + 72 = j, -j + 116 = 4*s. Calculate the highest common divisor of s and x.
10
Suppose -2*f + 3*y - 9 = 0, 0*y - 5*y + 22 = -f. Let r(x) = -4 + 5 - f*x + 9. Let q be r(-10). Calculate the greatest common divisor of 16 and q.
8
Suppose -3*m = -i - 154 + 14, -3*m = 3*i - 156. Calculate the greatest common divisor of 24 and m.
24
Let p = -320 - -570. What is the greatest common factor of 25 and p?
25
Suppose 0 = -3*s + 2*g + 43, 3*g = 2*s + 6*g - 7. Suppose -3*a - s = p, -a = 3*a + 16. Calculate the greatest common factor of p and 7.
1
Let a = 53 - 32. What is the greatest common factor of a and 357?
21
Let x(d) = -d**3 + 7*d**2 + 7. Let s be x(7). Suppose 0 = -2*j + q + 52, -2*q + 120 = 4*j - 0*j. Calculate the highest common factor of s and j.
7
Suppose -3*p - 4 = -40. Suppose -138 = -4*f + 3*m, -28 = -2*f + 3*m + 38. What is the greatest common factor of f and p?
12
Suppose -3*q + 7*q = 4*a - 4, -2 = -3*a + 4*q. Suppose 2*b - 5*o - 8 = 0, 0*o - a*o = 4*b - 40. Calculate the greatest common divisor of b and 63.
9
Let f(w) = w**2 - 14*w + 1. Let m be f(-11). What is the highest common divisor of m and 12?
12
Suppose -11*w + 481 = -366. Calculate the highest common divisor of w and 7.
7
Suppose 5*n = -5*u + 35, 6*n + 5*u - 32 = 2*n. Suppose 3*h - n*j = -97 + 352, -4*j = -5*h + 424. Calculate the highest common divisor of 21 and h.
21
Let g(z) = z**3 - 2*z**2 - 20*z + 11. Let r be g(6). What is the greatest common divisor of 7 and r?
7
Let f be 4*(-2)/(-12)*-123. Let c be (1 - 1) + (0 - f). Let j be c/6 + 2/(-3). Calculate the greatest common divisor of j and 39.
13
Let y(a) = a**3 + 3*a**2 - 4*a + 5. Let r be y(-4). Suppose 26 = -3*g - 3*p + 125, 4*g - r*p = 123. Calculate the highest common divisor of g and 8.
8
Let d(j) = j**2 - 2. Let n be d(-3). Calculate the highest common factor of 1 and n.
1
Suppose 16 = 5*h - h. Suppose -4*r + 41 = 5*v, -4 = -r + 3*v + 2. Suppose -h*i + 7 + r = 0. What is the highest common divisor of 12 and i?
4
Suppose -5*h = -2*h - 75. Let p(u) = u**3 - 4*u**2 - 4*u + 5. Let n be p(5). Calculate the greatest common divisor of n and h.
5
Let m = 2 - -25. Suppose 0 = 3*p + l - 67, 5*l - m = p - 2*p. Calculate the greatest common factor of 2 and p.
2
Let s(y) = 2*y**2 + 6*y + 4. Suppose -h - 6 = -11. Let r be s(h). Calculate the greatest common divisor of 12 and r.
12
Let h(w) = 2*w**2 + 3*w**2 - 5*w + 4 + w - w**3. Let z be h(3). What is the greatest common divisor of z and 50?
10
Let d = 11 + -6. Suppose -5*w - 3*u + 112 = -u, d = 5*u. Calculate the highest common factor of 33 and w.
11
Let j be (-1)/3 - 3/(-9). Let h(b) = 4*b**2 + b + 1. Let y be h(-5). Suppose 3*f + f - y = j. What is the greatest common divisor